at are the prime factors of 719460?
2, 3, 5, 7, 571
List the prime factors of 366429.
3, 7, 17449
List the prime factors of 689964.
2, 3, 11, 5227
List the prime factors of 31575983.
29, 1088827
List the prime factors of 216464.
2, 83, 163
List the prime factors of 2811138.
2, 3, 11, 191, 223
List the prime factors of 270229.
270229
List the prime factors of 1703637.
3, 13, 14561
List the prime factors of 6652776.
2, 3, 13, 21323
List the prime factors of 390023.
79, 4937
What are the prime factors of 10428049?
10428049
List the prime factors of 16255764.
2, 3, 7, 251, 257
What are the prime factors of 12599796?
2, 3, 11, 53, 1801
List the prime factors of 139175.
5, 19, 293
What are the prime factors of 2027065?
5, 405413
List the prime factors of 4500888.
2, 3, 7, 73, 367
What are the prime factors of 308349?
3, 34261
What are the prime factors of 19448243?
19448243
List the prime factors of 12994753.
2311, 5623
List the prime factors of 4014362.
2, 11, 182471
What are the prime factors of 213215?
5, 42643
What are the prime factors of 921855?
3, 5, 11, 37, 151
List the prime factors of 174556.
2, 17, 151
What are the prime factors of 4218405?
3, 5, 281227
What are the prime factors of 677565?
3, 5, 7, 239
List the prime factors of 1904319.
3, 457, 463
List the prime factors of 2860889.
311, 9199
List the prime factors of 574369.
41, 14009
List the prime factors of 409022.
2, 204511
What are the prime factors of 901035?
3, 5, 20023
What are the prime factors of 13330995?
3, 5, 653, 1361
List the prime factors of 11443592.
2, 41, 139, 251
What are the prime factors of 638616?
2, 3, 11, 41, 59
What are the prime factors of 7276265?
5, 1455253
What are the prime factors of 2611084?
2, 7, 93253
List the prime factors of 1702962.
2, 3, 37, 2557
List the prime factors of 7307700.
2, 3, 5, 24359
What are the prime factors of 1729388?
2, 83, 5209
List the prime factors of 1518920.
2, 5, 13, 23, 127
What are the prime factors of 1228334?
2, 614167
List the prime factors of 377423.
59, 6397
List the prime factors of 670390.
2, 5, 7, 61, 157
What are the prime factors of 633921?
3, 37, 5711
What are the prime factors of 35783?
11, 3253
What are the prime factors of 8373455?
5, 83, 20177
What are the prime factors of 200806?
2, 100403
List the prime factors of 11408976.
2, 3, 79229
What are the prime factors of 415832?
2, 59, 881
What are the prime factors of 10589820?
2, 3, 5, 176497
What are the prime factors of 190367?
190367
List the prime factors of 2076290.
2, 5, 207629
List the prime factors of 752349.
3, 13, 101, 191
What are the prime factors of 395147?
395147
What are the prime factors of 529579?
529579
List the prime factors of 231389.
71, 3259
What are the prime factors of 2031376?
2, 126961
What are the prime factors of 197581?
19, 10399
List the prime factors of 14170028.
2, 3542507
List the prime factors of 1502020.
2, 5, 13, 53, 109
List the prime factors of 3137149.
577, 5437
List the prime factors of 5896099.
11, 19, 28211
List the prime factors of 10164270.
2, 3, 5, 37, 9157
List the prime factors of 2616523.
7, 13, 28753
List the prime factors of 9040677.
3, 3013559
What are the prime factors of 453718?
2, 61, 3719
List the prime factors of 1660848.
2, 3, 7, 4943
What are the prime factors of 819146?
2, 409573
List the prime factors of 8571390.
2, 3, 5, 47, 6079
What are the prime factors of 1081953?
3, 239, 503
What are the prime factors of 656903?
13, 23
List the prime factors of 245571.
3, 23, 3559
What are the prime factors of 1005485?
5, 13, 31, 499
What are the prime factors of 1666969?
17, 98057
List the prime factors of 7896966.
2, 3, 7, 11, 17093
List the prime factors of 6577304.
2, 822163
What are the prime factors of 599041?
353, 1697
List the prime factors of 295889.
11, 37, 727
List the prime factors of 2496537.
3, 43, 6451
List the prime factors of 14842916.
2, 11, 337339
List the prime factors of 12005137.
1579, 7603
What are the prime factors of 4135267?
17, 43, 5657
What are the prime factors of 9065821?
2399, 3779
List the prime factors of 109038.
2, 3, 17, 1069
What are the prime factors of 319391?
319391
What are the prime factors of 597943?
73, 8191
What are the prime factors of 773174?
2, 386587
What are the prime factors of 32214537?
3, 1193131
What are the prime factors of 237924?
2, 3, 2203
What are the prime factors of 67319?
7, 59, 163
What are the prime factors of 2100380?
2, 5, 105019
What are the prime factors of 1544834?
2, 229, 3373
What are the prime factors of 424585?
5, 7, 1733
List the prime factors of 2811997.
211, 13327
List the prime factors of 7983299.
7983299
List the prime factors of 160326.
2, 3, 2969
What are the prime factors of 1687940?
2, 5, 37, 2281
What are the prime factors of 11860188?
2, 3, 29, 173, 197
What are the prime factors of 96674?
2, 48337
What are the prime factors of 478682?
2, 71, 3371
What are the prime factors of 1792710?
2, 3, 5, 19919
What are the prime factors of 193030?
2, 5, 97, 199
List the prime factors of 237604.
2, 191, 311
What are the prime factors of 213705?
3, 5, 1583
List the prime factors of 2270604.
2, 3, 7, 27031
List the prime factors of 17041232.
2, 13, 81929
List the prime factors of 1592971.
47, 33893
What are the prime factors of 281585?
5, 199, 283
What are the prime factors of 11425206?
2, 3, 13, 146477
What are the prime factors of 788050?
2, 5, 15761
What are the prime factors of 998977?
7, 142711
List the prime factors of 507525.
3, 5, 67, 101
List the prime factors of 163325.
5, 47, 139
List the prime factors of 583988.
2, 83, 1759
List the prime factors of 567487.
567487
List the prime factors of 2038862.
2, 7, 145633
What are the prime factors of 268984?
2, 33623
What are the prime factors of 7500417?
3, 17, 41, 211
List the prime factors of 336934.
2, 13, 12959
List the prime factors of 1569092.
2, 7, 56039
What are the prime factors of 3521723?
3521723
What are the prime factors of 553329?
3, 7, 8783
What are the prime factors of 98173?
19, 5167
What are the prime factors of 655171?
11, 59561
What are the prime factors of 564614?
2, 282307
What are the prime factors of 9997415?
5, 673, 2971
List the prime factors of 14412119.
443, 32533
What are the prime factors of 585220?
2, 5, 29, 1009
List the prime factors of 205953.
3, 11, 79
List the prime factors of 1571251.
11, 142841
List the prime factors of 303871.
303871
List the prime factors of 657051.
3, 219017
What are the prime factors of 5936255?
5, 13, 271, 337
List the prime factors of 13192.
2, 17, 97
What are the prime factors of 1021914?
2, 3, 56773
List the prime factors of 12508583.
17, 53, 13883
List the prime factors of 184778.
2, 11, 37, 227
What are the prime factors of 172588?
2, 13, 3319
List the prime factors of 689987.
689987
List the prime factors of 1534423.
11, 139493
What are the prime factors of 42135648?
2, 3, 438913
What are the prime factors of 70309?
70309
What are the prime factors of 841469?
181, 4649
List the prime factors of 640574.
2, 11, 2647
What are the prime factors of 19650126?
2, 3, 3275021
List the prime factors of 28914.
2, 3, 61, 79
What are the prime factors of 20540701?
1523, 13487
What are the prime factors of 10414515?
3, 5, 23, 30187
List the prime factors of 19977180.
2, 3, 5, 73, 4561
What are the prime factors of 614139?
3, 41, 4993
What are the prime factors of 236472?
2, 3, 59, 167
What are the prime factors of 1692798?
2, 3, 307, 919
What are the prime factors of 545107?
601, 907
List the prime factors of 1911681.
3, 7867
What are the prime factors of 8675719?
13, 667363
What are the prime factors of 41049443?
19, 857, 2521
What are the prime factors of 7040353?
7040353
What are the prime factors of 272976?
2, 3, 11, 47
What are the prime factors of 365221?
521, 701
List the prime factors of 233885.
5, 29, 1613
List the prime factors of 6722337.
3, 2240779
What are the prime factors of 6626375?
5, 7, 7573
What are the prime factors of 887828?
2, 221957
List the prime factors of 47024.
2, 2939
List the prime factors of 1394573.
1394573
List the prime factors of 315538.
2, 157769
What are the prime factors of 6798842?
2, 211, 16111
What are the prime factors of 11237393?
11237393
What are the prime factors of 9838?
2, 4919
What are t